(-6). Let v(n) = -n**2 - n - 1. Let q(j) = k*v(j) - x(j). Determine q(-3).
-6
Let n = 18 - 17. Let z(s) = -2*s**2 + 1. What is z(n)?
-1
Suppose 2*s + 2*f = 5*f + 5, 2*f + 6 = 2*s. Suppose -s*u - 34 = p + 4*p, 3*u - 3*p = -12. Let y(b) = 3 - 6*b + 4*b + 3*b. Calculate y(u).
-3
Let k = 5 - -4. Suppose 6*z = 3*z + k. Let c(r) = 0 - 1 - r - z. Determine c(-5).
1
Let a(y) = y**3 - 2*y**2 - y - 2. Let o be a(3). Let n(b) = 4 + 1 + 2 - o + 4*b. Determine n(-3).
-9
Let h(a) = -a**3 - 5*a**2 - 7*a - 7. Let i(l) = l**2 + 10*l + 20. Let v be i(-5). Give h(v).
28
Let k = 84 - 84. Let c(h) be the third derivative of -1/120*h**6 + 0 - 1/3*h**3 + h**2 + 1/15*h**5 + k*h - 1/12*h**4. Determine c(2).
2
Let j(r) = -10*r**2 + r - 1. Let z(b) = -b**2 + 11*b - 9. Let n be z(10). Determine j(n).
-10
Let o(q) = -q**2 + 6*q + 4. Let y be (84/(-35))/(4/(-10)). Calculate o(y).
4
Suppose 43 + 17 = 4*b - 4*x, -5*b + x + 71 = 0. Let u be 4/b + 104/28. Let f(y) = -y + 6*y**3 - 3*y**2 + 2 - 2*y - 5*y**3. Determine f(u).
6
Let u(y) = -y - 5. Let c(b) = -b**3 + 9*b**2 + 9*b + 10. Let v be c(10). What is u(v)?
-5
Let y(i) = 0*i + 3*i - 2*i - 2. Let a be ((-6)/4)/(1/(-2)). Let g be y(a). Let n(x) = -6*x**2 - x + 1. What is n(g)?
-6
Let x be (4/(-90))/((-12)/9). Let o(c) be the third derivative of -1/6*c**4 + 0 + 3*c**2 - x*c**5 + 0*c - 1/3*c**3. What is o(-2)?
-2
Let i(d) = -4*d + 1. Let q = 3 - -1. Let v = 10 - q. Let c be ((-2)/v)/((-1)/9). Determine i(c).
-11
Let x(p) = 2*p - 3. Let u be 0 - (-2)/3*-3. Let l(k) = -1. Let c be (6 - -1)*12/14. Let r(a) = c*l(a) + u*x(a). What is r(2)?
-8
Let g(s) = s + s - 4 + s**3 - 5 - 6*s**2. Give g(6).
3
Let i(j) = -j**3 - 7*j**2 + 8*j + 9. Let f(y) = -y**2 + y + 4. Let d be f(-3). Determine i(d).
9
Let x(q) = 0*q**3 - 3*q**2 - 7*q**2 - 12*q + q**3 + 11. Let s be x(11). Let y(n) = -n**2 - 3. Give y(s).
-3
Let f(c) be the third derivative of -c**5/60 + 5*c**4/24 + c**3/2 + c**2. Let p = -19 - -33. Let v(h) = -h + 19. Let m be v(p). Determine f(m).
3
Suppose -q = -0*j + 2*j - 8, 5*q + j - 22 = 0. Suppose -y = -0 + q. Let u(t) = 0 - 5*t**2 + 7*t**3 + 1 - 8*t**3 - 4*t. Determine u(y).
1
Let v(d) be the third derivative of d**5/20 - d**3/3 - 4*d**2 - 3. Determine v(2).
10
Suppose -j - 3 = 2. Suppose -d = 3*d + z - 15, -5*z = 25. Let m(x) = x**2 + x + 1 + 5 + d*x. Give m(j).
1
Let l(r) = -r**2 + 12*r - 10. Let g be l(11). Suppose -g = -3*m + 2*m. Let y be ((-4)/16)/(m/(-4)). Let a(p) = -7*p**3 - p**2. Calculate a(y).
-8
Suppose -11*v + 16 = -13*v. Let a(w) = w**2 + 6*w - 9. Calculate a(v).
7
Let o be ((-8)/(-6))/(9/27). Let p(l) be the second derivative of 3*l + 1/12*l**o + 3/2*l**2 + 1/3*l**3 + 0. Give p(-2).
3
Suppose -4*v + 2*v = 30. Let g be (2 + 1)*v/(-45). Let c(h) = -h**2 + h. Determine c(g).
0
Let f(a) = -8*a + 1. Suppose 0*x = 5*x - 30. Let t be 2/3 - 8/3. Let u be (t - 1)*2/x. What is f(u)?
9
Let m(h) be the second derivative of h**4/12 - 2*h**3/3 - 2*h**2 - 2*h. Let d be m(4). Let z(a) = 0*a**2 - a**2 + 2*a - 2*a - 2 - 3*a. Calculate z(d).
-6
Let k(a) = 3*a - 5*a - a - 2*a - 2. Calculate k(2).
-12
Let f(i) = 5*i**3 - 3*i**2 + i + 3. Let g be f(-1). Let w(v) = v**2 + 4*v - 4. Let x(o) = -2*o**2 - 8*o + 9. Let h(l) = 9*w(l) + 4*x(l). Give h(g).
12
Let j(y) = -y**3 + y**2 + y + 2. Let b = -5 - -8. Suppose b*h + 4 = -x + 4*h, -x + 5*h - 20 = 0. Determine j(x).
2
Let p(h) = -h + 2. Suppose 2*s = -0*s - 6. Give p(s).
5
Let c(v) = v**2 + 2*v - 2. Let o(g) = -2*g**2 - 1. Let j be o(-1). Calculate c(j).
1
Suppose q - 7 - 2 = 0. Suppose -q = 3*s, -4*s - 12 = -k - 1. Let y(r) = -4*r + 8 - 4 - 3. Determine y(k).
5
Let j(t) = t. Let v be 2*(3/(-2))/3. Give j(v).
-1
Let k(p) = 2*p + 1. Suppose 0 = -i - 4*d - 14, 2*i + i + 8 = 5*d. Let y = i + 4. Let n = y + 1. Give k(n).
-1
Let c(d) = -7*d**2 + d - 5. Let b(x) = -8*x**2 - 5. Let g(s) = -6*b(s) + 7*c(s). Let l(o) = -2*o + 5. Let v be l(4). Let i = v - -8. What is g(i)?
5
Let g(j) = -2*j - 4 - 6 + 1 + 2. Suppose -41 = 9*x + 13. Give g(x).
5
Let h(o) = -2*o**3 + 3*o - 1. Let p be ((3 - 5) + 1)*(1 + -3). What is h(p)?
-11
Let s be (-1 - (-1 + 1))*-5. Suppose 0 = -f - s*z - 5, -3*f + 6*f - 13 = -z. Let u(a) = a. Let l(n) = -4*n + 1. Let v(h) = -2*l(h) - 9*u(h). Give v(f).
-7
Let h(r) = 2*r - 11. Let q be h(11). Let n = 22 + -37. Let l = n + q. Let u(k) = k**3 + 5*k**2 + 4*k + 4. Determine u(l).
4
Suppose -16 = -2*x - 2*x. Let w be (-6)/(0 + 2) + x. Let c be w + 0 + 1 + 3. Let t(v) = -2*v + 2. Calculate t(c).
-8
Let q(y) = -5*y - 3. Let u(x) = 4*x + 2. Let r(c) = -3*q(c) - 4*u(c). Determine r(2).
-1
Let z(j) = j**3 - 5*j**2 + 6*j - 5. Let q be z(4). Let s(d) = -2*d**3 - 4*d**2 + 4. Let w(x) = -x**3 - 4*x**2 + 4. Let m(n) = q*w(n) - 2*s(n). Determine m(4).
4
Let p(f) = f**3 + 6*f**2 - 10*f - 2. Suppose -35 = -3*i + 8*i. What is p(i)?
19
Let c(a) = -2*a**2 + 0*a + 4 + 6*a + a**2 + 0*a**2. Let t = -13 + 19. What is c(t)?
4
Let w = -22 - -23. Let f be (1 + 1)*(-1)/(-2). Let k(u) = 2*u**2 - 2*u**3 + 0*u**2 + 0 - f. Determine k(w).
-1
Let y = 15 + -16. Let h(c) = 6*c**3 - c**2 - c. Give h(y).
-6
Suppose -8*s + 3*s - 9 = 3*k, -k - 3 = -2*s. Let d(c) = s*c**3 + 2*c**2 - 2*c + c + c**3 + 3 - c. Calculate d(-3).
0
Let o(d) = 2*d**3 + 2*d**2 + 4*d + 2. Let t(g) = 2*g**3 + g**2 + 3*g + 1. Let n(w) = 3*o(w) - 4*t(w). What is n(2)?
-6
Let i(n) be the third derivative of 0*n - 1/24*n**4 + 3/2*n**3 + 0 + 4*n**2. What is i(0)?
9
Let k(b) = b**2 - 5*b - 11. Let u(s) = 3 + 6 + 8*s - s**2 - 3*s + 3. Let y(q) = -4*k(q) - 3*u(q). Give y(6).
2
Let a(t) = -t + 2. Let b be -2 + 9*4/6. What is a(b)?
-2
Let t be 3*2/6*3. Let c be 0/(3/t*-2). Suppose n - 4 = -c. Let v(g) = -g + 7. Determine v(n).
3
Let q(w) = w**2 + 4*w + 6. Let d be (-14)/4 + (-2)/4. Determine q(d).
6
Let l(k) be the third derivative of -k**5/30 + k**4/24 - k**3/6 + 8*k**2. Determine l(1).
-2
Let u(m) be the third derivative of -m**6/15 - 2*m**2. Suppose -r = -3 + 2. Suppose -r = -2*h - w, 4*w + 0*w = 4*h - 8. Determine u(h).
-8
Let t(d) = -2*d**2 - d + 1. Suppose 17 = -7*a + 3. What is t(a)?
-5
Let k(o) be the third derivative of -o**5/60 + o**4/12 + o**3/3 - 23*o**2. Suppose -3 = -5*j - 13. Calculate k(j).
-6
Let p(b) = b**3 - 6*b**2 + 3. Let c be p(6). Let g(d) = -4*d - 2 + 0 + 4*d**2 - d**3 + 0*d**3 + 3. Give g(c).
-2
Let n(m) = -4*m**3 - 4*m**2 - 3*m + 3. Let j(l) = 7*l**3 + 8*l**2 + 6*l - 5. Let h(z) = 3*j(z) + 5*n(z). Suppose -1 = -q + 3, 5*q - 11 = -3*v. Calculate h(v).
0
Let j(r) = -r**3 - 2*r**2 + 2*r - 2. Let y be j(-3). Let h(l) = -y + 0*l - 5 - l. Calculate h(-4).
-2
Let c be (-14)/(-3) + 4/(-6). Let z(u) = -5*u**2 + 10*u - 5. Let j(i) = 11*i**2 - 21*i + 10. Let y(d) = 4*j(d) + 9*z(d). Determine y(c).
3
Suppose -5*d = 2*c + 21, -2 - 5 = 4*c + 3*d. Let y be (-32)/12 + c/(-6). Let t(q) = -q**2 - q - 1 - 1 - 2*q. Determine t(y).
-2
Let f(o) be the second derivative of 5*o**3/3 + o**2/2 + 5*o. Determine f(1).
11
Let h(r) = r**3 - 4*r - 4. Let p(u) = -3*u**3 - u**2 + 11*u + 12. Let i(l) = -2*l - 1. Let b be i(-6). Let g(v) = b*h(v) + 4*p(v). What is g(-4)?
4
Let d(o) = o**2 + 4 - 1 - 5*o**2 + o**3 + 0. Let l be d(3). Let r(p) = -2*p - 5. Give r(l).
7
Suppose -v - 87 = -4*v. Let f(w) = 5*w + 7 - 37*w**2 + w**3 + 0*w + v*w**2 + 2. Determine f(7).
-5
Let r(n) = 13 - n + 13 - 19. What is r(4)?
3
Let t(o) be the first derivative of 1 - 5*o + 1/2*o**2. What is t(5)?
0
Let w(h) = -h**3 - 11*h**2 - 9*h + 8. Let g be w(-10). Let b(c) = 5*c + 2. Calculate b(g).
-8
Let w(x) be the second derivative of 3*x + 9/2*x**2 - 1/3*x**3 + 0. Determine w(6).
-3
Suppose 2*i + 48 = 8*i. Let r(a) = a - 10. Calculate r(i).
-2
Let y(p) = -28*p**3 + 8*p**2 + p + 13. Let g(z) = 7*z**3 - 2*z**2 - 3. Let v(i) = -9*g(i) - 2*y(i). Determine v(1).
-6
Let w(g) = -g**2 - 10*g + 7. Let s(a) = 3*a - 31. Let j be s(7). What is w(j)?
7
Let u(k) be the second derivative of 2/3*k**3 - 1/3*k**4 + 1/2*k**2 - 1/20*k**5 - 3*k + 0. Calculate u(-5).
6
Let s(a) = -7*a**2 + 6*a - 11. Let r(m) be the second derivative of m**4/3 - m**3/2 + 3*m**2 - m. Let o = 6 - 3. Let g(t) = o*s(t) + 5*r(t). Determine g(3).
-3
Suppose 4*w - 2 = 2*a, -w - 4*a + 5 + 0 = 0. Let p be (8 + -6)*w/2. Let i(u) = u**3 - 1. Calculate i(p).
0
Suppose 6*f = 7*f - 6. Let l(r) = r - 3. Determine l(f).
3
Let v(u) = u**3 - 3*u**2 - 7